{"version":"1.0","provider_name":"L&#039;IHEDN: Institut des hautes \u00e9tudes de d\u00e9fense nationale (Institute for Higher National Defence Studies)","provider_url":"https:\/\/ihedn.fr\/en","title":"Cycle \"Jeunes diplomates\" de l'Institut diplomatique et consulaire - L&#039;IHEDN : Institut des hautes \u00e9tudes de d\u00e9fense nationale","type":"rich","width":600,"height":338,"html":"<blockquote class=\"wp-embedded-content\" data-secret=\"OxcjNViXVn\"><a href=\"https:\/\/ihedn.fr\/en\/formation\/cycle-jeunes-diplomates-de-linstitut-diplomatique-et-consulaire\/\">Young diplomats\" cycle at the Institut diplomatique et consulaire<\/a><\/blockquote><iframe sandbox=\"allow-scripts\" security=\"restricted\" src=\"https:\/\/ihedn.fr\/en\/formation\/cycle-jeunes-diplomates-de-linstitut-diplomatique-et-consulaire\/embed\/#?secret=OxcjNViXVn\" width=\"600\" height=\"338\" title=\"&#8220;Cycle \u00ab\u00a0Jeunes diplomates\u00a0\u00bb de l&rsquo;Institut diplomatique et consulaire&#8221; &#8212; L&#039;IHEDN : Institut des hautes \u00e9tudes de d\u00e9fense nationale\" data-secret=\"OxcjNViXVn\" frameborder=\"0\" marginwidth=\"0\" marginheight=\"0\" scrolling=\"no\" class=\"wp-embedded-content\"><\/iframe><script>\n\/*! This file is auto-generated *\/\n!function(d,l){\"use strict\";l.querySelector&&d.addEventListener&&\"undefined\"!=typeof URL&&(d.wp=d.wp||{},d.wp.receiveEmbedMessage||(d.wp.receiveEmbedMessage=function(e){var t=e.data;if((t||t.secret||t.message||t.value)&&!\/[^a-zA-Z0-9]\/.test(t.secret)){for(var s,r,n,a=l.querySelectorAll('iframe[data-secret=\"'+t.secret+'\"]'),o=l.querySelectorAll('blockquote[data-secret=\"'+t.secret+'\"]'),c=new RegExp(\"^https?:$\",\"i\"),i=0;i<o.length;i++)o[i].style.display=\"none\";for(i=0;i<a.length;i++)s=a[i],e.source===s.contentWindow&&(s.removeAttribute(\"style\"),\"height\"===t.message?(1e3<(r=parseInt(t.value,10))?r=1e3:~~r<200&&(r=200),s.height=r):\"link\"===t.message&&(r=new URL(s.getAttribute(\"src\")),n=new URL(t.value),c.test(n.protocol))&&n.host===r.host&&l.activeElement===s&&(d.top.location.href=t.value))}},d.addEventListener(\"message\",d.wp.receiveEmbedMessage,!1),l.addEventListener(\"DOMContentLoaded\",function(){for(var e,t,s=l.querySelectorAll(\"iframe.wp-embedded-content\"),r=0;r<s.length;r++)(t=(e=s[r]).getAttribute(\"data-secret\"))||(t=Math.random().toString(36).substring(2,12),e.src+=\"#?secret=\"+t,e.setAttribute(\"data-secret\",t)),e.contentWindow.postMessage({message:\"ready\",secret:t},\"*\")},!1)))}(window,document);\n\/\/# sourceURL=https:\/\/ihedn.fr\/wp-includes\/js\/wp-embed.min.js\n<\/script>","thumbnail_url":"https:\/\/ihedn.fr\/wp-content\/uploads\/2021\/01\/jeunesdiplomates-vignette.jpg","thumbnail_width":360,"thumbnail_height":144,"description":"DES ENJEUX CENTRAUX POUR LA FRANCE ET POUR L&rsquo;EUROPE\u200b Th\u00e9matique\u00a0 \u00ab\u00a0Politique de d\u00e9fense\u200b\u200b\u00a0\u00bb Permettre \u00e0 de futurs agents du Quai d\u2019Orsay de d\u00e9couvrir les forces arm\u00e9es en g\u00e9n\u00e9ral, de recueillir et de discuter des attentes du minist\u00e8re de la D\u00e9fense vis-\u00e0-vis des diplomates. En partenariat avec l&rsquo;Institut diplomatique et consulaire du minist\u00e8re des Affaires \u00e9trang\u00e8res [&hellip;]"}

L&#039;IHEDN: Institut des hautes études de défense nationale (Institute for Higher National Defence Studies)

Cycle "Jeunes diplomates" de l'Institut diplomatique et consulaire - L&#039;IHEDN : Institut des hautes études de défense nationale

<blockquote class="wp-embedded-content" data-secret="OxcjNViXVn"><a href="https://ihedn.fr/en/formation/cycle-jeunes-diplomates-de-linstitut-diplomatique-et-consulaire/">Young diplomats" cycle at the Institut diplomatique et consulaire</a></blockquote><iframe sandbox="allow-scripts" security="restricted" src="https://ihedn.fr/en/formation/cycle-jeunes-diplomates-de-linstitut-diplomatique-et-consulaire/embed/#?secret=OxcjNViXVn" width="600" height="338" title="&#8220;Cycle « Jeunes diplomates » de l&rsquo;Institut diplomatique et consulaire&#8221; &#8212; L&#039;IHEDN : Institut des hautes études de défense nationale" data-secret="OxcjNViXVn" frameborder="0" marginwidth="0" marginheight="0" scrolling="no" class="wp-embedded-content"></iframe><script>
/*! This file is auto-generated */
!function(d,l){"use strict";l.querySelector&&d.addEventListener&&"undefined"!=typeof URL&&(d.wp=d.wp||{},d.wp.receiveEmbedMessage||(d.wp.receiveEmbedMessage=function(e){var t=e.data;if((t||t.secret||t.message||t.value)&&!/[^a-zA-Z0-9]/.test(t.secret)){for(var s,r,n,a=l.querySelectorAll('iframe[data-secret="'+t.secret+'"]'),o=l.querySelectorAll('blockquote[data-secret="'+t.secret+'"]'),c=new RegExp("^https?:$","i"),i=0;i<o.length;i++)o[i].style.display="none";for(i=0;i<a.length;i++)s=a[i],e.source===s.contentWindow&&(s.removeAttribute("style"),"height"===t.message?(1e3<(r=parseInt(t.value,10))?r=1e3:~~r<200&&(r=200),s.height=r):"link"===t.message&&(r=new URL(s.getAttribute("src")),n=new URL(t.value),c.test(n.protocol))&&n.host===r.host&&l.activeElement===s&&(d.top.location.href=t.value))}},d.addEventListener("message",d.wp.receiveEmbedMessage,!1),l.addEventListener("DOMContentLoaded",function(){for(var e,t,s=l.querySelectorAll("iframe.wp-embedded-content"),r=0;r<s.length;r++)(t=(e=s[r]).getAttribute("data-secret"))||(t=Math.random().toString(36).substring(2,12),e.src+="#?secret="+t,e.setAttribute("data-secret",t)),e.contentWindow.postMessage({message:"ready",secret:t},"*")},!1)))}(window,document);
//# sourceURL=https://ihedn.fr/wp-includes/js/wp-embed.min.js
</script>

DES ENJEUX CENTRAUX POUR LA FRANCE ET POUR L&rsquo;EUROPE​ Thématique  « Politique de défense​​ » Permettre à de futurs agents du Quai d’Orsay de découvrir les forces armées en général, de recueillir et de discuter des attentes du ministère de la Défense vis-à-vis des diplomates. En partenariat avec l&rsquo;Institut diplomatique et consulaire du ministère des Affaires étrangères [&hellip;]
