{"version":"1.0","provider_name":"L&#039;IHEDN: Institut des hautes \u00e9tudes de d\u00e9fense nationale (Institute for Higher National Defence Studies)","provider_url":"https:\/\/ihedn.fr\/en","title":"Notre gouvernance","type":"rich","width":600,"height":338,"html":"<blockquote class=\"wp-embedded-content\" data-secret=\"QFSZOE2Nfv\"><a href=\"https:\/\/ihedn.fr\/en\/gouvernance\/\">Our governance<\/a><\/blockquote><iframe sandbox=\"allow-scripts\" security=\"restricted\" src=\"https:\/\/ihedn.fr\/en\/gouvernance\/embed\/#?secret=QFSZOE2Nfv\" width=\"600\" height=\"338\" title=\"&quot;Our governance&quot; - IHEDN: Institut des hautes \u00e9tudes de d\u00e9fense nationale (Institute for Advanced National Defence Studies)\" data-secret=\"QFSZOE2Nfv\" frameborder=\"0\" marginwidth=\"0\" marginheight=\"0\" scrolling=\"no\" class=\"wp-embedded-content\"><\/iframe><script>\n\/*! This file is auto-generated *\/\n!function(d,l){\"use strict\";l.querySelector&&d.addEventListener&&\"undefined\"!=typeof URL&&(d.wp=d.wp||{},d.wp.receiveEmbedMessage||(d.wp.receiveEmbedMessage=function(e){var t=e.data;if((t||t.secret||t.message||t.value)&&!\/[^a-zA-Z0-9]\/.test(t.secret)){for(var s,r,n,a=l.querySelectorAll('iframe[data-secret=\"'+t.secret+'\"]'),o=l.querySelectorAll('blockquote[data-secret=\"'+t.secret+'\"]'),c=new RegExp(\"^https?:$\",\"i\"),i=0;i<o.length;i++)o[i].style.display=\"none\";for(i=0;i<a.length;i++)s=a[i],e.source===s.contentWindow&&(s.removeAttribute(\"style\"),\"height\"===t.message?(1e3<(r=parseInt(t.value,10))?r=1e3:~~r<200&&(r=200),s.height=r):\"link\"===t.message&&(r=new URL(s.getAttribute(\"src\")),n=new URL(t.value),c.test(n.protocol))&&n.host===r.host&&l.activeElement===s&&(d.top.location.href=t.value))}},d.addEventListener(\"message\",d.wp.receiveEmbedMessage,!1),l.addEventListener(\"DOMContentLoaded\",function(){for(var e,t,s=l.querySelectorAll(\"iframe.wp-embedded-content\"),r=0;r<s.length;r++)(t=(e=s[r]).getAttribute(\"data-secret\"))||(t=Math.random().toString(36).substring(2,12),e.src+=\"#?secret=\"+t,e.setAttribute(\"data-secret\",t)),e.contentWindow.postMessage({message:\"ready\",secret:t},\"*\")},!1)))}(window,document);\n\/\/# sourceURL=https:\/\/ihedn.fr\/wp-includes\/js\/wp-embed.min.js\n<\/script>","description":"Directeur : G\u00e9n\u00e9ral de corps d\u2019arm\u00e9e Beno\u00eet DURIEUX | Le g\u00e9n\u00e9ral Beno\u00eet Durieux a \u00e9t\u00e9 admis \u00e0 l\u2019\u00e9cole militaire de Saint-Cyr en 1985, au sein de la promotion \u00ab Cadets de la France Libre \u00bb. D\u2019abord affect\u00e9 au 1er R\u00e9giment de chasseurs Parachutistes comme chef de section, il a ensuite eu plusieurs affectations au sein de la L\u00e9gion Etrang\u00e8re, \u00e0 la 13e DBLE de 1991 \u00e0 1993 comme chef de section tireurs d\u2019\u00e9lite, puis au 2e REI dont il a command\u00e9 la 3e compagnie de 1994 \u00e0 1996. Avec ces unit\u00e9s, il a pris part \u00e0 des op\u00e9rations \u00e0 Djibouti en 1992-1993, en Somalie en 1993, en Bosnie en 1995 et 1996. Il a ensuite \u00e9t\u00e9 chef du bureau Op\u00e9rations Instruction de la 13e DBLE \u00e0 Djibouti de 2002 \u00e0 2004.Il a servi comme r\u00e9dacteur de discours aupr\u00e8s du CEMAT, le g\u00e9n\u00e9ral Thorette, de 2005 \u00e0 2006 puis du chef d\u2019\u00e9tat-major des arm\u00e9es, le g\u00e9n\u00e9ral Georgelin, de 2006 \u00e0 2008. Il a parall\u00e8lement poursuivi une activit\u00e9 de r\u00e9flexion dans le domaine de la strat\u00e9gie. Dipl\u00f4m\u00e9 de l\u2019Institut d\u2019\u00c9tudes Politiques de Paris et de l\u2019universit\u00e9 am\u00e9ricaine de Georgetown, docteur en histoire, il a publi\u00e9 de nombreux livres et articles en lien avec ces sujets sur lesquels il a enseign\u00e9 \u00e0 l\u2019Institut d\u2019\u00c9tudes Politiques de Paris.Sa carri\u00e8re op\u00e9rationnelle s\u2019est poursuivie comme commandant du 2e R\u00e9giment \u00c9tranger d\u2019Infanterie \u00e0 N\u00eemes de 2008 \u00e0 2010. C\u2019est avec cette unit\u00e9 qu\u2019il a \u00e9t\u00e9 engag\u00e9 entre juin 2009 et janvier 2010 en Afghanistan, dans le secteur de Surobi, \u00e0 l\u2019est de Kaboul.Apr\u00e8s une ann\u00e9e au sein de la 60e session du CHEM et de la 63e session de l\u2019IHEDN, il a occup\u00e9 les fonctions d\u2019adjoint au chef du cabinet militaire du ministre de la d\u00e9fense entre 2011 et 2014. De 2014 \u00e0 2016, il a \u00e9t\u00e9 directeur du Centre des hautes \u00e9tudes militaires, qui pr\u00e9pare \u00e0 leurs responsabilit\u00e9s les futurs plus hauts dirigeants des arm\u00e9es. C\u2019est dans cette fonction qu\u2019il a \u00e9t\u00e9 promu g\u00e9n\u00e9ral de brigade le 1er janvier 2015. Le 1er ao\u00fbt 2016, il prend le commandement de la 6e Brigade l\u00e9g\u00e8re blind\u00e9e \u00e0 N\u00eemes et de la base de d\u00e9fense de N\u00eemes Orange Laudun puis, le 22 juillet 2017 il devient chef du cabinet militaire du Premier ministre. Il est promu au grade de g\u00e9n\u00e9ral de corps d\u2019arm\u00e9e le 1er janvier 2019.","thumbnail_url":"https:\/\/ihedn.fr\/wp-content\/uploads\/2021\/07\/Benoit-DURIEUX-directeur-de-IHEDN.jpg","thumbnail_width":281,"thumbnail_height":328}

L&#039;IHEDN: Institut des hautes études de défense nationale (Institute for Higher National Defence Studies)

<blockquote class="wp-embedded-content" data-secret="QFSZOE2Nfv"><a href="https://ihedn.fr/en/gouvernance/">Our governance</a></blockquote><iframe sandbox="allow-scripts" security="restricted" src="https://ihedn.fr/en/gouvernance/embed/#?secret=QFSZOE2Nfv" width="600" height="338" title="&quot;Our governance&quot; - IHEDN: Institut des hautes études de défense nationale (Institute for Advanced National Defence Studies)" data-secret="QFSZOE2Nfv" frameborder="0" marginwidth="0" marginheight="0" scrolling="no" class="wp-embedded-content"></iframe><script>
/*! This file is auto-generated */
!function(d,l){"use strict";l.querySelector&&d.addEventListener&&"undefined"!=typeof URL&&(d.wp=d.wp||{},d.wp.receiveEmbedMessage||(d.wp.receiveEmbedMessage=function(e){var t=e.data;if((t||t.secret||t.message||t.value)&&!/[^a-zA-Z0-9]/.test(t.secret)){for(var s,r,n,a=l.querySelectorAll('iframe[data-secret="'+t.secret+'"]'),o=l.querySelectorAll('blockquote[data-secret="'+t.secret+'"]'),c=new RegExp("^https?:$","i"),i=0;i<o.length;i++)o[i].style.display="none";for(i=0;i<a.length;i++)s=a[i],e.source===s.contentWindow&&(s.removeAttribute("style"),"height"===t.message?(1e3<(r=parseInt(t.value,10))?r=1e3:~~r<200&&(r=200),s.height=r):"link"===t.message&&(r=new URL(s.getAttribute("src")),n=new URL(t.value),c.test(n.protocol))&&n.host===r.host&&l.activeElement===s&&(d.top.location.href=t.value))}},d.addEventListener("message",d.wp.receiveEmbedMessage,!1),l.addEventListener("DOMContentLoaded",function(){for(var e,t,s=l.querySelectorAll("iframe.wp-embedded-content"),r=0;r<s.length;r++)(t=(e=s[r]).getAttribute("data-secret"))||(t=Math.random().toString(36).substring(2,12),e.src+="#?secret="+t,e.setAttribute("data-secret",t)),e.contentWindow.postMessage({message:"ready",secret:t},"*")},!1)))}(window,document);
//# sourceURL=https://ihedn.fr/wp-includes/js/wp-embed.min.js
</script>

Directeur : Général de corps d’armée Benoît DURIEUX | Le général Benoît Durieux a été admis à l’école militaire de Saint-Cyr en 1985, au sein de la promotion « Cadets de la France Libre ». D’abord affecté au 1er Régiment de chasseurs Parachutistes comme chef de section, il a ensuite eu plusieurs affectations au sein de la Légion Etrangère, à la 13e DBLE de 1991 à 1993 comme chef de section tireurs d’élite, puis au 2e REI dont il a commandé la 3e compagnie de 1994 à 1996. Avec ces unités, il a pris part à des opérations à Djibouti en 1992-1993, en Somalie en 1993, en Bosnie en 1995 et 1996. Il a ensuite été chef du bureau Opérations Instruction de la 13e DBLE à Djibouti de 2002 à 2004.Il a servi comme rédacteur de discours auprès du CEMAT, le général Thorette, de 2005 à 2006 puis du chef d’état-major des armées, le général Georgelin, de 2006 à 2008. Il a parallèlement poursuivi une activité de réflexion dans le domaine de la stratégie. Diplômé de l’Institut d’Études Politiques de Paris et de l’université américaine de Georgetown, docteur en histoire, il a publié de nombreux livres et articles en lien avec ces sujets sur lesquels il a enseigné à l’Institut d’Études Politiques de Paris.Sa carrière opérationnelle s’est poursuivie comme commandant du 2e Régiment Étranger d’Infanterie à Nîmes de 2008 à 2010. C’est avec cette unité qu’il a été engagé entre juin 2009 et janvier 2010 en Afghanistan, dans le secteur de Surobi, à l’est de Kaboul.Après une année au sein de la 60e session du CHEM et de la 63e session de l’IHEDN, il a occupé les fonctions d’adjoint au chef du cabinet militaire du ministre de la défense entre 2011 et 2014. De 2014 à 2016, il a été directeur du Centre des hautes études militaires, qui prépare à leurs responsabilités les futurs plus hauts dirigeants des armées. C’est dans cette fonction qu’il a été promu général de brigade le 1er janvier 2015. Le 1er août 2016, il prend le commandement de la 6e Brigade légère blindée à Nîmes et de la base de défense de Nîmes Orange Laudun puis, le 22 juillet 2017 il devient chef du cabinet militaire du Premier ministre. Il est promu au grade de général de corps d’armée le 1er janvier 2019.
