{"version":"1.0","provider_name":"L&#039;IHEDN: Institut des hautes \u00e9tudes de d\u00e9fense nationale (Institute for Higher National Defence Studies)","provider_url":"https:\/\/ihedn.fr\/en","title":"Exposition des 90 ans de l'IHEDN - L&#039;IHEDN : Institut des hautes \u00e9tudes de d\u00e9fense nationale","type":"rich","width":600,"height":338,"html":"<blockquote class=\"wp-embedded-content\" data-secret=\"RezBWnzfPf\"><a href=\"https:\/\/ihedn.fr\/en\/lundis-de-lihedn\/exposition-des-90-ans-de-lihedn\/\">90 years of IHEDN exhibition<\/a><\/blockquote><iframe sandbox=\"allow-scripts\" security=\"restricted\" src=\"https:\/\/ihedn.fr\/en\/lundis-de-lihedn\/exposition-des-90-ans-de-lihedn\/embed\/#?secret=RezBWnzfPf\" width=\"600\" height=\"338\" title=\"\u201c90 years of IHEDN exhibition - L&#039;IHEDN : Institut des hautes \u00e9tudes de d\u00e9fense nationale\" data-secret=\"RezBWnzfPf\" frameborder=\"0\" marginwidth=\"0\" marginheight=\"0\" scrolling=\"no\" class=\"wp-embedded-content\"><\/iframe><script>\n\/*! This file is auto-generated *\/\n!function(d,l){\"use strict\";l.querySelector&&d.addEventListener&&\"undefined\"!=typeof URL&&(d.wp=d.wp||{},d.wp.receiveEmbedMessage||(d.wp.receiveEmbedMessage=function(e){var t=e.data;if((t||t.secret||t.message||t.value)&&!\/[^a-zA-Z0-9]\/.test(t.secret)){for(var s,r,n,a=l.querySelectorAll('iframe[data-secret=\"'+t.secret+'\"]'),o=l.querySelectorAll('blockquote[data-secret=\"'+t.secret+'\"]'),c=new RegExp(\"^https?:$\",\"i\"),i=0;i<o.length;i++)o[i].style.display=\"none\";for(i=0;i<a.length;i++)s=a[i],e.source===s.contentWindow&&(s.removeAttribute(\"style\"),\"height\"===t.message?(1e3<(r=parseInt(t.value,10))?r=1e3:~~r<200&&(r=200),s.height=r):\"link\"===t.message&&(r=new URL(s.getAttribute(\"src\")),n=new URL(t.value),c.test(n.protocol))&&n.host===r.host&&l.activeElement===s&&(d.top.location.href=t.value))}},d.addEventListener(\"message\",d.wp.receiveEmbedMessage,!1),l.addEventListener(\"DOMContentLoaded\",function(){for(var e,t,s=l.querySelectorAll(\"iframe.wp-embedded-content\"),r=0;r<s.length;r++)(t=(e=s[r]).getAttribute(\"data-secret\"))||(t=Math.random().toString(36).substring(2,12),e.src+=\"#?secret=\"+t,e.setAttribute(\"data-secret\",t)),e.contentWindow.postMessage({message:\"ready\",secret:t},\"*\")},!1)))}(window,document);\n\/\/# sourceURL=https:\/\/ihedn.fr\/wp-includes\/js\/wp-embed.min.js\n<\/script>","thumbnail_url":"https:\/\/ihedn.fr\/wp-content\/uploads\/2026\/03\/Expo_visuel.png","thumbnail_width":1920,"thumbnail_height":1280,"description":"\u00c0 l\u2019occasion des 90 ans de l\u2019Institut, cette exposition retrace l\u2019histoire de l\u2019IHEDN depuis sa fondation en 1936.  Lieu unique de rencontre et de dialogue entre les forces vives de la nation, en France comme \u00e0 l\u2019international, l\u2019Institut s\u2019est progressivement ouvert \u00e0 la soci\u00e9t\u00e9 civile pour \u0153uvrer \u00e0 la construction d\u2019une culture de d\u00e9fense commune. Depuis neuf d\u00e9cennies, il poursuit une mission singuli\u00e8re : former ensemble des citoyens d\u2019horizons divers, afin de mieux comprendre les crises et les menaces, au service de la coh\u00e9sion et de la r\u00e9silience du pays."}

L&#039;IHEDN: Institut des hautes études de défense nationale (Institute for Higher National Defence Studies)

Exposition des 90 ans de l'IHEDN - L&#039;IHEDN : Institut des hautes études de défense nationale

<blockquote class="wp-embedded-content" data-secret="RezBWnzfPf"><a href="https://ihedn.fr/en/lundis-de-lihedn/exposition-des-90-ans-de-lihedn/">90 years of IHEDN exhibition</a></blockquote><iframe sandbox="allow-scripts" security="restricted" src="https://ihedn.fr/en/lundis-de-lihedn/exposition-des-90-ans-de-lihedn/embed/#?secret=RezBWnzfPf" width="600" height="338" title="“90 years of IHEDN exhibition - L&#039;IHEDN : Institut des hautes études de défense nationale" data-secret="RezBWnzfPf" frameborder="0" marginwidth="0" marginheight="0" scrolling="no" class="wp-embedded-content"></iframe><script>
/*! This file is auto-generated */
!function(d,l){"use strict";l.querySelector&&d.addEventListener&&"undefined"!=typeof URL&&(d.wp=d.wp||{},d.wp.receiveEmbedMessage||(d.wp.receiveEmbedMessage=function(e){var t=e.data;if((t||t.secret||t.message||t.value)&&!/[^a-zA-Z0-9]/.test(t.secret)){for(var s,r,n,a=l.querySelectorAll('iframe[data-secret="'+t.secret+'"]'),o=l.querySelectorAll('blockquote[data-secret="'+t.secret+'"]'),c=new RegExp("^https?:$","i"),i=0;i<o.length;i++)o[i].style.display="none";for(i=0;i<a.length;i++)s=a[i],e.source===s.contentWindow&&(s.removeAttribute("style"),"height"===t.message?(1e3<(r=parseInt(t.value,10))?r=1e3:~~r<200&&(r=200),s.height=r):"link"===t.message&&(r=new URL(s.getAttribute("src")),n=new URL(t.value),c.test(n.protocol))&&n.host===r.host&&l.activeElement===s&&(d.top.location.href=t.value))}},d.addEventListener("message",d.wp.receiveEmbedMessage,!1),l.addEventListener("DOMContentLoaded",function(){for(var e,t,s=l.querySelectorAll("iframe.wp-embedded-content"),r=0;r<s.length;r++)(t=(e=s[r]).getAttribute("data-secret"))||(t=Math.random().toString(36).substring(2,12),e.src+="#?secret="+t,e.setAttribute("data-secret",t)),e.contentWindow.postMessage({message:"ready",secret:t},"*")},!1)))}(window,document);
//# sourceURL=https://ihedn.fr/wp-includes/js/wp-embed.min.js
</script>

À l’occasion des 90 ans de l’Institut, cette exposition retrace l’histoire de l’IHEDN depuis sa fondation en 1936.  Lieu unique de rencontre et de dialogue entre les forces vives de la nation, en France comme à l’international, l’Institut s’est progressivement ouvert à la société civile pour œuvrer à la construction d’une culture de défense commune. Depuis neuf décennies, il poursuit une mission singulière : former ensemble des citoyens d’horizons divers, afin de mieux comprendre les crises et les menaces, au service de la cohésion et de la résilience du pays.
