{"version":"1.0","provider_name":"L&#039;IHEDN: Institut des hautes \u00e9tudes de d\u00e9fense nationale (Institute for Higher National Defence Studies)","provider_url":"https:\/\/ihedn.fr\/en","title":"35e session europ\u00e9enne des Responsables d\u2019Armement","type":"rich","width":600,"height":338,"html":"<blockquote class=\"wp-embedded-content\" data-secret=\"6TKPJ4MNHG\"><a href=\"https:\/\/ihedn.fr\/en\/notre-actualite\/35supe-supsession-europeenne-des-responsables-darmement\/\">35<sup>e<\/sup>European session of Armaments Managers<\/a><\/blockquote><iframe sandbox=\"allow-scripts\" security=\"restricted\" src=\"https:\/\/ihedn.fr\/en\/notre-actualite\/35supe-supsession-europeenne-des-responsables-darmement\/embed\/#?secret=6TKPJ4MNHG\" width=\"600\" height=\"338\" title=\"&quot;35th European Session of Armament Managers - L&#039;IHEDN : Institut des hautes \u00e9tudes de d\u00e9fense nationale (French Institute for Higher National Defence Studies)\" data-secret=\"6TKPJ4MNHG\" frameborder=\"0\" marginwidth=\"0\" marginheight=\"0\" scrolling=\"no\" class=\"wp-embedded-content\"><\/iframe><script>\n\/*! This file is auto-generated *\/\n!function(d,l){\"use strict\";l.querySelector&&d.addEventListener&&\"undefined\"!=typeof URL&&(d.wp=d.wp||{},d.wp.receiveEmbedMessage||(d.wp.receiveEmbedMessage=function(e){var t=e.data;if((t||t.secret||t.message||t.value)&&!\/[^a-zA-Z0-9]\/.test(t.secret)){for(var s,r,n,a=l.querySelectorAll('iframe[data-secret=\"'+t.secret+'\"]'),o=l.querySelectorAll('blockquote[data-secret=\"'+t.secret+'\"]'),c=new RegExp(\"^https?:$\",\"i\"),i=0;i<o.length;i++)o[i].style.display=\"none\";for(i=0;i<a.length;i++)s=a[i],e.source===s.contentWindow&&(s.removeAttribute(\"style\"),\"height\"===t.message?(1e3<(r=parseInt(t.value,10))?r=1e3:~~r<200&&(r=200),s.height=r):\"link\"===t.message&&(r=new URL(s.getAttribute(\"src\")),n=new URL(t.value),c.test(n.protocol))&&n.host===r.host&&l.activeElement===s&&(d.top.location.href=t.value))}},d.addEventListener(\"message\",d.wp.receiveEmbedMessage,!1),l.addEventListener(\"DOMContentLoaded\",function(){for(var e,t,s=l.querySelectorAll(\"iframe.wp-embedded-content\"),r=0;r<s.length;r++)(t=(e=s[r]).getAttribute(\"data-secret\"))||(t=Math.random().toString(36).substring(2,12),e.src+=\"#?secret=\"+t,e.setAttribute(\"data-secret\",t)),e.contentWindow.postMessage({message:\"ready\",secret:t},\"*\")},!1)))}(window,document);\n\/\/# sourceURL=https:\/\/ihedn.fr\/wp-includes\/js\/wp-embed.min.js\n<\/script>","thumbnail_url":"https:\/\/ihedn.fr\/wp-content\/uploads\/2024\/04\/DSC_2824.jpg","thumbnail_width":1920,"thumbnail_height":1280,"description":"La session europ\u00e9enne des Responsables d\u2019Armement est une session qui s\u2019articule traditionnellement autour de 4 semaines de formation, 2 semaines en France et 2 semaines. Ils se rendront cette ann\u00e9e en Autriche et en Su\u00e8de. Cette session regroupe 85 auditeurs issus de 24 pays et de 6 institutions internationales. L'objectif de cette session est d'\u00e9changer sur les probl\u00e9matiques europ\u00e9ennes actuelles en mati\u00e8re de d\u00e9fense."}

L&#039;IHEDN: Institut des hautes études de défense nationale (Institute for Higher National Defence Studies)

35e session européenne des Responsables d’Armement

<blockquote class="wp-embedded-content" data-secret="6TKPJ4MNHG"><a href="https://ihedn.fr/en/notre-actualite/35supe-supsession-europeenne-des-responsables-darmement/">35<sup>e</sup>European session of Armaments Managers</a></blockquote><iframe sandbox="allow-scripts" security="restricted" src="https://ihedn.fr/en/notre-actualite/35supe-supsession-europeenne-des-responsables-darmement/embed/#?secret=6TKPJ4MNHG" width="600" height="338" title="&quot;35th European Session of Armament Managers - L&#039;IHEDN : Institut des hautes études de défense nationale (French Institute for Higher National Defence Studies)" data-secret="6TKPJ4MNHG" frameborder="0" marginwidth="0" marginheight="0" scrolling="no" class="wp-embedded-content"></iframe><script>
/*! This file is auto-generated */
!function(d,l){"use strict";l.querySelector&&d.addEventListener&&"undefined"!=typeof URL&&(d.wp=d.wp||{},d.wp.receiveEmbedMessage||(d.wp.receiveEmbedMessage=function(e){var t=e.data;if((t||t.secret||t.message||t.value)&&!/[^a-zA-Z0-9]/.test(t.secret)){for(var s,r,n,a=l.querySelectorAll('iframe[data-secret="'+t.secret+'"]'),o=l.querySelectorAll('blockquote[data-secret="'+t.secret+'"]'),c=new RegExp("^https?:$","i"),i=0;i<o.length;i++)o[i].style.display="none";for(i=0;i<a.length;i++)s=a[i],e.source===s.contentWindow&&(s.removeAttribute("style"),"height"===t.message?(1e3<(r=parseInt(t.value,10))?r=1e3:~~r<200&&(r=200),s.height=r):"link"===t.message&&(r=new URL(s.getAttribute("src")),n=new URL(t.value),c.test(n.protocol))&&n.host===r.host&&l.activeElement===s&&(d.top.location.href=t.value))}},d.addEventListener("message",d.wp.receiveEmbedMessage,!1),l.addEventListener("DOMContentLoaded",function(){for(var e,t,s=l.querySelectorAll("iframe.wp-embedded-content"),r=0;r<s.length;r++)(t=(e=s[r]).getAttribute("data-secret"))||(t=Math.random().toString(36).substring(2,12),e.src+="#?secret="+t,e.setAttribute("data-secret",t)),e.contentWindow.postMessage({message:"ready",secret:t},"*")},!1)))}(window,document);
//# sourceURL=https://ihedn.fr/wp-includes/js/wp-embed.min.js
</script>

La session européenne des Responsables d’Armement est une session qui s’articule traditionnellement autour de 4 semaines de formation, 2 semaines en France et 2 semaines. Ils se rendront cette année en Autriche et en Suède. Cette session regroupe 85 auditeurs issus de 24 pays et de 6 institutions internationales. L'objectif de cette session est d'échanger sur les problématiques européennes actuelles en matière de défense.
