{"version":"1.0","provider_name":"L&#039;IHEDN: Institut des hautes \u00e9tudes de d\u00e9fense nationale (Institute for Higher National Defence Studies)","provider_url":"https:\/\/ihedn.fr\/en","title":"\"Attach\u00e9s d\u2019Administration\" du minist\u00e8re des Arm\u00e9es - L&#039;IHEDN : Institut des hautes \u00e9tudes de d\u00e9fense nationale","type":"rich","width":600,"height":338,"html":"<blockquote class=\"wp-embedded-content\" data-secret=\"icnKPJT7dZ\"><a href=\"https:\/\/ihedn.fr\/en\/notre-actualite\/attaches-dadministration-du-ministere-des-armees\/\">\"Administrative Attach\u00e9s at the Ministry of the Armed Forces<\/a><\/blockquote><iframe sandbox=\"allow-scripts\" security=\"restricted\" src=\"https:\/\/ihedn.fr\/en\/notre-actualite\/attaches-dadministration-du-ministere-des-armees\/embed\/#?secret=icnKPJT7dZ\" width=\"600\" height=\"338\" title=\"\u201c\u00ab Attach\u00e9s d&#039;Administration \u00bb of the Ministry of the Armed Forces\u201d - IHEDN: Institut des hautes \u00e9tudes de d\u00e9fense nationale (Institute for Higher National Defence Studies)\" data-secret=\"icnKPJT7dZ\" frameborder=\"0\" marginwidth=\"0\" marginheight=\"0\" scrolling=\"no\" class=\"wp-embedded-content\"><\/iframe><script>\n\/*! This file is auto-generated *\/\n!function(d,l){\"use strict\";l.querySelector&&d.addEventListener&&\"undefined\"!=typeof URL&&(d.wp=d.wp||{},d.wp.receiveEmbedMessage||(d.wp.receiveEmbedMessage=function(e){var t=e.data;if((t||t.secret||t.message||t.value)&&!\/[^a-zA-Z0-9]\/.test(t.secret)){for(var s,r,n,a=l.querySelectorAll('iframe[data-secret=\"'+t.secret+'\"]'),o=l.querySelectorAll('blockquote[data-secret=\"'+t.secret+'\"]'),c=new RegExp(\"^https?:$\",\"i\"),i=0;i<o.length;i++)o[i].style.display=\"none\";for(i=0;i<a.length;i++)s=a[i],e.source===s.contentWindow&&(s.removeAttribute(\"style\"),\"height\"===t.message?(1e3<(r=parseInt(t.value,10))?r=1e3:~~r<200&&(r=200),s.height=r):\"link\"===t.message&&(r=new URL(s.getAttribute(\"src\")),n=new URL(t.value),c.test(n.protocol))&&n.host===r.host&&l.activeElement===s&&(d.top.location.href=t.value))}},d.addEventListener(\"message\",d.wp.receiveEmbedMessage,!1),l.addEventListener(\"DOMContentLoaded\",function(){for(var e,t,s=l.querySelectorAll(\"iframe.wp-embedded-content\"),r=0;r<s.length;r++)(t=(e=s[r]).getAttribute(\"data-secret\"))||(t=Math.random().toString(36).substring(2,12),e.src+=\"#?secret=\"+t,e.setAttribute(\"data-secret\",t)),e.contentWindow.postMessage({message:\"ready\",secret:t},\"*\")},!1)))}(window,document);\n\/\/# sourceURL=https:\/\/ihedn.fr\/wp-includes\/js\/wp-embed.min.js\n<\/script>","thumbnail_url":"https:\/\/ihedn.fr\/wp-content\/uploads\/2021\/03\/2.-Capture-decran-ouverture-2e-Att-MINARM-1.png","thumbnail_width":1369,"thumbnail_height":599,"description":"Cette semaine s\u2019est tenu le 2e cycle \u00ab\u00a0Attach\u00e9s d\u2019Administration\u00a0\u00bb du minist\u00e8re des Arm\u00e9es, organis\u00e9 par l\u2019IHEDN, sous un format revu int\u00e9gralement en distanciel suite aux mesures sanitaires annonc\u00e9es le jeudi 18 mars. Accueillis par le Directeur de l\u2019IHEDN, le GCA Patrick Destremau, les agents du minist\u00e8re des Arm\u00e9es ont pu b\u00e9n\u00e9ficier d\u2019une semaine de formation [&hellip;]"}

L&#039;IHEDN: Institut des hautes études de défense nationale (Institute for Higher National Defence Studies)

"Attachés d’Administration" du ministère des Armées - L&#039;IHEDN : Institut des hautes études de défense nationale

<blockquote class="wp-embedded-content" data-secret="icnKPJT7dZ"><a href="https://ihedn.fr/en/notre-actualite/attaches-dadministration-du-ministere-des-armees/">"Administrative Attachés at the Ministry of the Armed Forces</a></blockquote><iframe sandbox="allow-scripts" security="restricted" src="https://ihedn.fr/en/notre-actualite/attaches-dadministration-du-ministere-des-armees/embed/#?secret=icnKPJT7dZ" width="600" height="338" title="“« Attachés d&#039;Administration » of the Ministry of the Armed Forces” - IHEDN: Institut des hautes études de défense nationale (Institute for Higher National Defence Studies)" data-secret="icnKPJT7dZ" frameborder="0" marginwidth="0" marginheight="0" scrolling="no" class="wp-embedded-content"></iframe><script>
/*! This file is auto-generated */
!function(d,l){"use strict";l.querySelector&&d.addEventListener&&"undefined"!=typeof URL&&(d.wp=d.wp||{},d.wp.receiveEmbedMessage||(d.wp.receiveEmbedMessage=function(e){var t=e.data;if((t||t.secret||t.message||t.value)&&!/[^a-zA-Z0-9]/.test(t.secret)){for(var s,r,n,a=l.querySelectorAll('iframe[data-secret="'+t.secret+'"]'),o=l.querySelectorAll('blockquote[data-secret="'+t.secret+'"]'),c=new RegExp("^https?:$","i"),i=0;i<o.length;i++)o[i].style.display="none";for(i=0;i<a.length;i++)s=a[i],e.source===s.contentWindow&&(s.removeAttribute("style"),"height"===t.message?(1e3<(r=parseInt(t.value,10))?r=1e3:~~r<200&&(r=200),s.height=r):"link"===t.message&&(r=new URL(s.getAttribute("src")),n=new URL(t.value),c.test(n.protocol))&&n.host===r.host&&l.activeElement===s&&(d.top.location.href=t.value))}},d.addEventListener("message",d.wp.receiveEmbedMessage,!1),l.addEventListener("DOMContentLoaded",function(){for(var e,t,s=l.querySelectorAll("iframe.wp-embedded-content"),r=0;r<s.length;r++)(t=(e=s[r]).getAttribute("data-secret"))||(t=Math.random().toString(36).substring(2,12),e.src+="#?secret="+t,e.setAttribute("data-secret",t)),e.contentWindow.postMessage({message:"ready",secret:t},"*")},!1)))}(window,document);
//# sourceURL=https://ihedn.fr/wp-includes/js/wp-embed.min.js
</script>

Cette semaine s’est tenu le 2e cycle « Attachés d’Administration » du ministère des Armées, organisé par l’IHEDN, sous un format revu intégralement en distanciel suite aux mesures sanitaires annoncées le jeudi 18 mars. Accueillis par le Directeur de l’IHEDN, le GCA Patrick Destremau, les agents du ministère des Armées ont pu bénéficier d’une semaine de formation [&hellip;]
