{"version":"1.0","provider_name":"L&#039;IHEDN: Institut des hautes \u00e9tudes de d\u00e9fense nationale (Institute for Higher National Defence Studies)","provider_url":"https:\/\/ihedn.fr\/en","title":"Cin\u00e9ma et d\u00e9fense, deux mondes qui s\u2019entrelacent","type":"rich","width":600,"height":338,"html":"<blockquote class=\"wp-embedded-content\" data-secret=\"ZVabJTXkn6\"><a href=\"https:\/\/ihedn.fr\/en\/notre-selection\/cinema-et-defense-deux-mondes-qui-sentrelacent\/\">Cinema and defence, two intertwined worlds<\/a><\/blockquote><iframe sandbox=\"allow-scripts\" security=\"restricted\" src=\"https:\/\/ihedn.fr\/en\/notre-selection\/cinema-et-defense-deux-mondes-qui-sentrelacent\/embed\/#?secret=ZVabJTXkn6\" width=\"600\" height=\"338\" title=\"&quot;Cin\u00e9ma et d\u00e9fense, deux mondes qui s&#039;entrelacent&quot; (Cinema and defence, two intertwined worlds) - L&#039;IHEDN : Institut des hautes \u00e9tudes de d\u00e9fense nationale (Institute for Advanced Studies in National Defence)\" data-secret=\"ZVabJTXkn6\" frameborder=\"0\" marginwidth=\"0\" marginheight=\"0\" scrolling=\"no\" class=\"wp-embedded-content\"><\/iframe><script>\n\/*! This file is auto-generated *\/\n!function(d,l){\"use strict\";l.querySelector&&d.addEventListener&&\"undefined\"!=typeof URL&&(d.wp=d.wp||{},d.wp.receiveEmbedMessage||(d.wp.receiveEmbedMessage=function(e){var t=e.data;if((t||t.secret||t.message||t.value)&&!\/[^a-zA-Z0-9]\/.test(t.secret)){for(var s,r,n,a=l.querySelectorAll('iframe[data-secret=\"'+t.secret+'\"]'),o=l.querySelectorAll('blockquote[data-secret=\"'+t.secret+'\"]'),c=new RegExp(\"^https?:$\",\"i\"),i=0;i<o.length;i++)o[i].style.display=\"none\";for(i=0;i<a.length;i++)s=a[i],e.source===s.contentWindow&&(s.removeAttribute(\"style\"),\"height\"===t.message?(1e3<(r=parseInt(t.value,10))?r=1e3:~~r<200&&(r=200),s.height=r):\"link\"===t.message&&(r=new URL(s.getAttribute(\"src\")),n=new URL(t.value),c.test(n.protocol))&&n.host===r.host&&l.activeElement===s&&(d.top.location.href=t.value))}},d.addEventListener(\"message\",d.wp.receiveEmbedMessage,!1),l.addEventListener(\"DOMContentLoaded\",function(){for(var e,t,s=l.querySelectorAll(\"iframe.wp-embedded-content\"),r=0;r<s.length;r++)(t=(e=s[r]).getAttribute(\"data-secret\"))||(t=Math.random().toString(36).substring(2,12),e.src+=\"#?secret=\"+t,e.setAttribute(\"data-secret\",t)),e.contentWindow.postMessage({message:\"ready\",secret:t},\"*\")},!1)))}(window,document);\n\/\/# sourceURL=https:\/\/ihedn.fr\/wp-includes\/js\/wp-embed.min.js\n<\/script>","thumbnail_url":"https:\/\/ihedn.fr\/wp-content\/uploads\/2025\/07\/ATHENA_A_LA_PLAGE_20256.jpg","thumbnail_width":1920,"thumbnail_height":1080,"description":"Deuxi\u00e8me \u00e9pisode de notre s\u00e9rie estivale \u00ab Culture et d\u00e9fense \u00bb : d\u2019abord moyen de communication tactique sur le champ de bataille, la musique militaire a \u00e9volu\u00e9 pour d\u00e9passer cette seule fonction. Elle est aujourd\u2019hui un langage universel parlant \u00e0 la fois \u00e0 la m\u00e9moire collective et aux \u00e9motions individuelles, et un puissant vecteur de coh\u00e9sion nationale."}

L&#039;IHEDN: Institut des hautes études de défense nationale (Institute for Higher National Defence Studies)

Cinéma et défense, deux mondes qui s’entrelacent

<blockquote class="wp-embedded-content" data-secret="ZVabJTXkn6"><a href="https://ihedn.fr/en/notre-selection/cinema-et-defense-deux-mondes-qui-sentrelacent/">Cinema and defence, two intertwined worlds</a></blockquote><iframe sandbox="allow-scripts" security="restricted" src="https://ihedn.fr/en/notre-selection/cinema-et-defense-deux-mondes-qui-sentrelacent/embed/#?secret=ZVabJTXkn6" width="600" height="338" title="&quot;Cinéma et défense, deux mondes qui s&#039;entrelacent&quot; (Cinema and defence, two intertwined worlds) - L&#039;IHEDN : Institut des hautes études de défense nationale (Institute for Advanced Studies in National Defence)" data-secret="ZVabJTXkn6" frameborder="0" marginwidth="0" marginheight="0" scrolling="no" class="wp-embedded-content"></iframe><script>
/*! This file is auto-generated */
!function(d,l){"use strict";l.querySelector&&d.addEventListener&&"undefined"!=typeof URL&&(d.wp=d.wp||{},d.wp.receiveEmbedMessage||(d.wp.receiveEmbedMessage=function(e){var t=e.data;if((t||t.secret||t.message||t.value)&&!/[^a-zA-Z0-9]/.test(t.secret)){for(var s,r,n,a=l.querySelectorAll('iframe[data-secret="'+t.secret+'"]'),o=l.querySelectorAll('blockquote[data-secret="'+t.secret+'"]'),c=new RegExp("^https?:$","i"),i=0;i<o.length;i++)o[i].style.display="none";for(i=0;i<a.length;i++)s=a[i],e.source===s.contentWindow&&(s.removeAttribute("style"),"height"===t.message?(1e3<(r=parseInt(t.value,10))?r=1e3:~~r<200&&(r=200),s.height=r):"link"===t.message&&(r=new URL(s.getAttribute("src")),n=new URL(t.value),c.test(n.protocol))&&n.host===r.host&&l.activeElement===s&&(d.top.location.href=t.value))}},d.addEventListener("message",d.wp.receiveEmbedMessage,!1),l.addEventListener("DOMContentLoaded",function(){for(var e,t,s=l.querySelectorAll("iframe.wp-embedded-content"),r=0;r<s.length;r++)(t=(e=s[r]).getAttribute("data-secret"))||(t=Math.random().toString(36).substring(2,12),e.src+="#?secret="+t,e.setAttribute("data-secret",t)),e.contentWindow.postMessage({message:"ready",secret:t},"*")},!1)))}(window,document);
//# sourceURL=https://ihedn.fr/wp-includes/js/wp-embed.min.js
</script>

Deuxième épisode de notre série estivale « Culture et défense » : d’abord moyen de communication tactique sur le champ de bataille, la musique militaire a évolué pour dépasser cette seule fonction. Elle est aujourd’hui un langage universel parlant à la fois à la mémoire collective et aux émotions individuelles, et un puissant vecteur de cohésion nationale.
