{"version":"1.0","provider_name":"L&#039;IHEDN: Institut des hautes \u00e9tudes de d\u00e9fense nationale (Institute for Higher National Defence Studies)","provider_url":"https:\/\/ihedn.fr\/en","title":"Invasion de l\u2019Ukraine, quatre ans apr\u00e8s - L&#039;IHEDN : Institut des hautes \u00e9tudes de d\u00e9fense nationale","type":"rich","width":600,"height":338,"html":"<blockquote class=\"wp-embedded-content\" data-secret=\"3vbwbb7vh4\"><a href=\"https:\/\/ihedn.fr\/en\/notre-selection\/invasion-de-lukraine-quatre-ans-apres\/\">Invasion of Ukraine, four years on<\/a><\/blockquote><iframe sandbox=\"allow-scripts\" security=\"restricted\" src=\"https:\/\/ihedn.fr\/en\/notre-selection\/invasion-de-lukraine-quatre-ans-apres\/embed\/#?secret=3vbwbb7vh4\" width=\"600\" height=\"338\" title=\"\u201cInvasion of Ukraine, four years on\u201d - IHEDN: Institut des hautes \u00e9tudes de d\u00e9fense nationale (Institute for Advanced Studies in National Defence)\" data-secret=\"3vbwbb7vh4\" frameborder=\"0\" marginwidth=\"0\" marginheight=\"0\" scrolling=\"no\" class=\"wp-embedded-content\"><\/iframe><script>\n\/*! This file is auto-generated *\/\n!function(d,l){\"use strict\";l.querySelector&&d.addEventListener&&\"undefined\"!=typeof URL&&(d.wp=d.wp||{},d.wp.receiveEmbedMessage||(d.wp.receiveEmbedMessage=function(e){var t=e.data;if((t||t.secret||t.message||t.value)&&!\/[^a-zA-Z0-9]\/.test(t.secret)){for(var s,r,n,a=l.querySelectorAll('iframe[data-secret=\"'+t.secret+'\"]'),o=l.querySelectorAll('blockquote[data-secret=\"'+t.secret+'\"]'),c=new RegExp(\"^https?:$\",\"i\"),i=0;i<o.length;i++)o[i].style.display=\"none\";for(i=0;i<a.length;i++)s=a[i],e.source===s.contentWindow&&(s.removeAttribute(\"style\"),\"height\"===t.message?(1e3<(r=parseInt(t.value,10))?r=1e3:~~r<200&&(r=200),s.height=r):\"link\"===t.message&&(r=new URL(s.getAttribute(\"src\")),n=new URL(t.value),c.test(n.protocol))&&n.host===r.host&&l.activeElement===s&&(d.top.location.href=t.value))}},d.addEventListener(\"message\",d.wp.receiveEmbedMessage,!1),l.addEventListener(\"DOMContentLoaded\",function(){for(var e,t,s=l.querySelectorAll(\"iframe.wp-embedded-content\"),r=0;r<s.length;r++)(t=(e=s[r]).getAttribute(\"data-secret\"))||(t=Math.random().toString(36).substring(2,12),e.src+=\"#?secret=\"+t,e.setAttribute(\"data-secret\",t)),e.contentWindow.postMessage({message:\"ready\",secret:t},\"*\")},!1)))}(window,document);\n\/\/# sourceURL=https:\/\/ihedn.fr\/wp-includes\/js\/wp-embed.min.js\n<\/script>","thumbnail_url":"https:\/\/ihedn.fr\/wp-content\/uploads\/2026\/02\/BANDEAU_075_UKRAINE1_AFP.jpg","thumbnail_width":1920,"thumbnail_height":1279,"description":"Pour analyser le conflit de haute intensit\u00e9 d\u00e9clench\u00e9 le 24 f\u00e9vrier 2022 par la Russie, l\u2019IHEDN propose dans ce dossier sp\u00e9cial une interview o\u00f9 le directeur de l\u2019\u00c9cole de guerre revient sur l\u2019\u00e9tat des forces en pr\u00e9sence, et deux articles sur l\u2019usage des drones et les menaces hybrides, avec les \u00e9clairages de militaires, chercheurs et praticiens."}

L&#039;IHEDN: Institut des hautes études de défense nationale (Institute for Higher National Defence Studies)

Invasion de l’Ukraine, quatre ans après - L&#039;IHEDN : Institut des hautes études de défense nationale

<blockquote class="wp-embedded-content" data-secret="3vbwbb7vh4"><a href="https://ihedn.fr/en/notre-selection/invasion-de-lukraine-quatre-ans-apres/">Invasion of Ukraine, four years on</a></blockquote><iframe sandbox="allow-scripts" security="restricted" src="https://ihedn.fr/en/notre-selection/invasion-de-lukraine-quatre-ans-apres/embed/#?secret=3vbwbb7vh4" width="600" height="338" title="“Invasion of Ukraine, four years on” - IHEDN: Institut des hautes études de défense nationale (Institute for Advanced Studies in National Defence)" data-secret="3vbwbb7vh4" frameborder="0" marginwidth="0" marginheight="0" scrolling="no" class="wp-embedded-content"></iframe><script>
/*! This file is auto-generated */
!function(d,l){"use strict";l.querySelector&&d.addEventListener&&"undefined"!=typeof URL&&(d.wp=d.wp||{},d.wp.receiveEmbedMessage||(d.wp.receiveEmbedMessage=function(e){var t=e.data;if((t||t.secret||t.message||t.value)&&!/[^a-zA-Z0-9]/.test(t.secret)){for(var s,r,n,a=l.querySelectorAll('iframe[data-secret="'+t.secret+'"]'),o=l.querySelectorAll('blockquote[data-secret="'+t.secret+'"]'),c=new RegExp("^https?:$","i"),i=0;i<o.length;i++)o[i].style.display="none";for(i=0;i<a.length;i++)s=a[i],e.source===s.contentWindow&&(s.removeAttribute("style"),"height"===t.message?(1e3<(r=parseInt(t.value,10))?r=1e3:~~r<200&&(r=200),s.height=r):"link"===t.message&&(r=new URL(s.getAttribute("src")),n=new URL(t.value),c.test(n.protocol))&&n.host===r.host&&l.activeElement===s&&(d.top.location.href=t.value))}},d.addEventListener("message",d.wp.receiveEmbedMessage,!1),l.addEventListener("DOMContentLoaded",function(){for(var e,t,s=l.querySelectorAll("iframe.wp-embedded-content"),r=0;r<s.length;r++)(t=(e=s[r]).getAttribute("data-secret"))||(t=Math.random().toString(36).substring(2,12),e.src+="#?secret="+t,e.setAttribute("data-secret",t)),e.contentWindow.postMessage({message:"ready",secret:t},"*")},!1)))}(window,document);
//# sourceURL=https://ihedn.fr/wp-includes/js/wp-embed.min.js
</script>

Pour analyser le conflit de haute intensité déclenché le 24 février 2022 par la Russie, l’IHEDN propose dans ce dossier spécial une interview où le directeur de l’École de guerre revient sur l’état des forces en présence, et deux articles sur l’usage des drones et les menaces hybrides, avec les éclairages de militaires, chercheurs et praticiens.
