{"version":"1.0","provider_name":"L&#039;IHEDN: Institut des hautes \u00e9tudes de d\u00e9fense nationale (Institute for Higher National Defence Studies)","provider_url":"https:\/\/ihedn.fr\/en","title":"13e briefing des ambassadeurs et ambassadrices - L&#039;IHEDN : Institut des hautes \u00e9tudes de d\u00e9fense nationale","type":"rich","width":600,"height":338,"html":"<blockquote class=\"wp-embedded-content\" data-secret=\"Tre3J4Wxjo\"><a href=\"https:\/\/ihedn.fr\/en\/uncategorized\/13e-briefing-des-ambassadeurs-et-ambassadrices\/\">13<sup>e<\/sup> ambassadors' briefing<\/a><\/blockquote><iframe sandbox=\"allow-scripts\" security=\"restricted\" src=\"https:\/\/ihedn.fr\/en\/uncategorized\/13e-briefing-des-ambassadeurs-et-ambassadrices\/embed\/#?secret=Tre3J4Wxjo\" width=\"600\" height=\"338\" title=\"&#8220;13&lt;sup&gt;e&lt;\/sup&gt; briefing des ambassadeurs et ambassadrices&#8221; &#8212; L&#039;IHEDN : Institut des hautes \u00e9tudes de d\u00e9fense nationale\" data-secret=\"Tre3J4Wxjo\" frameborder=\"0\" marginwidth=\"0\" marginheight=\"0\" scrolling=\"no\" class=\"wp-embedded-content\"><\/iframe><script>\n\/*! This file is auto-generated *\/\n!function(d,l){\"use strict\";l.querySelector&&d.addEventListener&&\"undefined\"!=typeof URL&&(d.wp=d.wp||{},d.wp.receiveEmbedMessage||(d.wp.receiveEmbedMessage=function(e){var t=e.data;if((t||t.secret||t.message||t.value)&&!\/[^a-zA-Z0-9]\/.test(t.secret)){for(var s,r,n,a=l.querySelectorAll('iframe[data-secret=\"'+t.secret+'\"]'),o=l.querySelectorAll('blockquote[data-secret=\"'+t.secret+'\"]'),c=new RegExp(\"^https?:$\",\"i\"),i=0;i<o.length;i++)o[i].style.display=\"none\";for(i=0;i<a.length;i++)s=a[i],e.source===s.contentWindow&&(s.removeAttribute(\"style\"),\"height\"===t.message?(1e3<(r=parseInt(t.value,10))?r=1e3:~~r<200&&(r=200),s.height=r):\"link\"===t.message&&(r=new URL(s.getAttribute(\"src\")),n=new URL(t.value),c.test(n.protocol))&&n.host===r.host&&l.activeElement===s&&(d.top.location.href=t.value))}},d.addEventListener(\"message\",d.wp.receiveEmbedMessage,!1),l.addEventListener(\"DOMContentLoaded\",function(){for(var e,t,s=l.querySelectorAll(\"iframe.wp-embedded-content\"),r=0;r<s.length;r++)(t=(e=s[r]).getAttribute(\"data-secret\"))||(t=Math.random().toString(36).substring(2,12),e.src+=\"#?secret=\"+t,e.setAttribute(\"data-secret\",t)),e.contentWindow.postMessage({message:\"ready\",secret:t},\"*\")},!1)))}(window,document);\n\/\/# sourceURL=https:\/\/ihedn.fr\/wp-includes\/js\/wp-embed.min.js\n<\/script>","thumbnail_url":"https:\/\/ihedn.fr\/wp-content\/uploads\/2020\/12\/ihedn-6ebda-pascal_teixeira_da_silva.jpg","thumbnail_width":1000,"thumbnail_height":500,"description":"A l\u2019occasion du 6e briefing des ambassadeurs et ambassadrices, organis\u00e9 ce jeudi 22 octobre 2020 par l\u2019IHEDN, l\u2019ambassadeur charg\u00e9 des migrations au Minist\u00e8re de l\u2019Europe et des Affaires \u00e9trang\u00e8res, M. Pascal TEIXEIRA DA SILVA, a pr\u00e9sent\u00e9, lors d\u2019une conf\u00e9rence virtuelle, la posture fran\u00e7aise sur les \u00a0enjeux autour des migrations internationales aux 66 repr\u00e9sentants diplomatiques d\u2019ambassades [&hellip;]"}

L&#039;IHEDN: Institut des hautes études de défense nationale (Institute for Higher National Defence Studies)

13e briefing des ambassadeurs et ambassadrices - L&#039;IHEDN : Institut des hautes études de défense nationale

<blockquote class="wp-embedded-content" data-secret="Tre3J4Wxjo"><a href="https://ihedn.fr/en/uncategorized/13e-briefing-des-ambassadeurs-et-ambassadrices/">13<sup>e</sup> ambassadors' briefing</a></blockquote><iframe sandbox="allow-scripts" security="restricted" src="https://ihedn.fr/en/uncategorized/13e-briefing-des-ambassadeurs-et-ambassadrices/embed/#?secret=Tre3J4Wxjo" width="600" height="338" title="&#8220;13&lt;sup&gt;e&lt;/sup&gt; briefing des ambassadeurs et ambassadrices&#8221; &#8212; L&#039;IHEDN : Institut des hautes études de défense nationale" data-secret="Tre3J4Wxjo" frameborder="0" marginwidth="0" marginheight="0" scrolling="no" class="wp-embedded-content"></iframe><script>
/*! This file is auto-generated */
!function(d,l){"use strict";l.querySelector&&d.addEventListener&&"undefined"!=typeof URL&&(d.wp=d.wp||{},d.wp.receiveEmbedMessage||(d.wp.receiveEmbedMessage=function(e){var t=e.data;if((t||t.secret||t.message||t.value)&&!/[^a-zA-Z0-9]/.test(t.secret)){for(var s,r,n,a=l.querySelectorAll('iframe[data-secret="'+t.secret+'"]'),o=l.querySelectorAll('blockquote[data-secret="'+t.secret+'"]'),c=new RegExp("^https?:$","i"),i=0;i<o.length;i++)o[i].style.display="none";for(i=0;i<a.length;i++)s=a[i],e.source===s.contentWindow&&(s.removeAttribute("style"),"height"===t.message?(1e3<(r=parseInt(t.value,10))?r=1e3:~~r<200&&(r=200),s.height=r):"link"===t.message&&(r=new URL(s.getAttribute("src")),n=new URL(t.value),c.test(n.protocol))&&n.host===r.host&&l.activeElement===s&&(d.top.location.href=t.value))}},d.addEventListener("message",d.wp.receiveEmbedMessage,!1),l.addEventListener("DOMContentLoaded",function(){for(var e,t,s=l.querySelectorAll("iframe.wp-embedded-content"),r=0;r<s.length;r++)(t=(e=s[r]).getAttribute("data-secret"))||(t=Math.random().toString(36).substring(2,12),e.src+="#?secret="+t,e.setAttribute("data-secret",t)),e.contentWindow.postMessage({message:"ready",secret:t},"*")},!1)))}(window,document);
//# sourceURL=https://ihedn.fr/wp-includes/js/wp-embed.min.js
</script>

A l’occasion du 6e briefing des ambassadeurs et ambassadrices, organisé ce jeudi 22 octobre 2020 par l’IHEDN, l’ambassadeur chargé des migrations au Ministère de l’Europe et des Affaires étrangères, M. Pascal TEIXEIRA DA SILVA, a présenté, lors d’une conférence virtuelle, la posture française sur les  enjeux autour des migrations internationales aux 66 représentants diplomatiques d’ambassades [&hellip;]
