{"version":"1.0","provider_name":"L&#039;IHEDN: Institut des hautes \u00e9tudes de d\u00e9fense nationale (Institute for Higher National Defence Studies)","provider_url":"https:\/\/ihedn.fr\/en","title":"CORTA (de) Renaud - L&#039;IHEDN : Institut des hautes \u00e9tudes de d\u00e9fense nationale","type":"rich","width":600,"height":338,"html":"<blockquote class=\"wp-embedded-content\" data-secret=\"h6tsYWB5u0\"><a href=\"https:\/\/ihedn.fr\/en\/uncategorized\/corta-de-renaud\/\">CORTA (de) Renaud<\/a><\/blockquote><iframe sandbox=\"allow-scripts\" security=\"restricted\" src=\"https:\/\/ihedn.fr\/en\/uncategorized\/corta-de-renaud\/embed\/#?secret=h6tsYWB5u0\" width=\"600\" height=\"338\" title=\"\u201cCORTA (de) Renaud\u201d \u2014 IHEDN: Institute for Higher National Defence Studies\" data-secret=\"h6tsYWB5u0\" frameborder=\"0\" marginwidth=\"0\" marginheight=\"0\" scrolling=\"no\" class=\"wp-embedded-content\"><\/iframe><script>\n\/*! This file is auto-generated *\/\n!function(d,l){\"use strict\";l.querySelector&&d.addEventListener&&\"undefined\"!=typeof URL&&(d.wp=d.wp||{},d.wp.receiveEmbedMessage||(d.wp.receiveEmbedMessage=function(e){var t=e.data;if((t||t.secret||t.message||t.value)&&!\/[^a-zA-Z0-9]\/.test(t.secret)){for(var s,r,n,a=l.querySelectorAll('iframe[data-secret=\"'+t.secret+'\"]'),o=l.querySelectorAll('blockquote[data-secret=\"'+t.secret+'\"]'),c=new RegExp(\"^https?:$\",\"i\"),i=0;i<o.length;i++)o[i].style.display=\"none\";for(i=0;i<a.length;i++)s=a[i],e.source===s.contentWindow&&(s.removeAttribute(\"style\"),\"height\"===t.message?(1e3<(r=parseInt(t.value,10))?r=1e3:~~r<200&&(r=200),s.height=r):\"link\"===t.message&&(r=new URL(s.getAttribute(\"src\")),n=new URL(t.value),c.test(n.protocol))&&n.host===r.host&&l.activeElement===s&&(d.top.location.href=t.value))}},d.addEventListener(\"message\",d.wp.receiveEmbedMessage,!1),l.addEventListener(\"DOMContentLoaded\",function(){for(var e,t,s=l.querySelectorAll(\"iframe.wp-embedded-content\"),r=0;r<s.length;r++)(t=(e=s[r]).getAttribute(\"data-secret\"))||(t=Math.random().toString(36).substring(2,12),e.src+=\"#?secret=\"+t,e.setAttribute(\"data-secret\",t)),e.contentWindow.postMessage({message:\"ready\",secret:t},\"*\")},!1)))}(window,document);\n\/\/# sourceURL=https:\/\/ihedn.fr\/wp-includes\/js\/wp-embed.min.js\n<\/script>","thumbnail_url":"https:\/\/ihedn.fr\/wp-content\/uploads\/2021\/05\/CORTA-de-Renaud-14eSN-1961-1962-w.jpg","thumbnail_width":1282,"thumbnail_height":1500,"description":"Colonel d&rsquo;Infanterie Renaud de Corta, n\u00e9 le 2 f\u00e9vrier 1915 \u00e0 Paris, mort le 20 avril 1979 \u00e0 Saint-Mand\u00e9, est un officier g\u00e9n\u00e9ral fran\u00e7ais, compagnon de la Lib\u00e9ration. Officier d&rsquo;infanterie ralli\u00e9 d\u00e8s juin 1940 aux forces fran\u00e7aises libres, Renaud de Corta participe aux combats de la France libre et se distingue particuli\u00e8rement lors de la [&hellip;]"}

L&#039;IHEDN: Institut des hautes études de défense nationale (Institute for Higher National Defence Studies)

CORTA (de) Renaud - L&#039;IHEDN : Institut des hautes études de défense nationale

Colonel d&rsquo;Infanterie Renaud de Corta, né le 2 février 1915 à Paris, mort le 20 avril 1979 à Saint-Mandé, est un officier général français, compagnon de la Libération. Officier d&rsquo;infanterie rallié dès juin 1940 aux forces françaises libres, Renaud de Corta participe aux combats de la France libre et se distingue particulièrement lors de la [&hellip;]
