{"version":"1.0","provider_name":"L&#039;IHEDN: Institut des hautes \u00e9tudes de d\u00e9fense nationale (Institute for Higher National Defence Studies)","provider_url":"https:\/\/ihedn.fr\/en","title":"\u00ab La Communaut\u00e9 politique europ\u00e9enne : avenir d\u2019une intuition \u00bb - L&#039;IHEDN : Institut des hautes \u00e9tudes de d\u00e9fense nationale","type":"rich","width":600,"height":338,"html":"<blockquote class=\"wp-embedded-content\" data-secret=\"WHy7guXQOu\"><a href=\"https:\/\/ihedn.fr\/en\/veille-strategique\/la-communaute-politique-europeenne-avenir-dune-intuition\/\">\"The European Political Community: the future of an intuition<\/a><\/blockquote><iframe sandbox=\"allow-scripts\" security=\"restricted\" src=\"https:\/\/ihedn.fr\/en\/veille-strategique\/la-communaute-politique-europeenne-avenir-dune-intuition\/embed\/#?secret=WHy7guXQOu\" width=\"600\" height=\"338\" title=\"\u201cThe European Political Community: Future of an Intuition\u00ab \u2014 IHEDN: Institute for Higher National Defence Studies\" data-secret=\"WHy7guXQOu\" frameborder=\"0\" marginwidth=\"0\" marginheight=\"0\" scrolling=\"no\" class=\"wp-embedded-content\"><\/iframe><script>\n\/*! This file is auto-generated *\/\n!function(d,l){\"use strict\";l.querySelector&&d.addEventListener&&\"undefined\"!=typeof URL&&(d.wp=d.wp||{},d.wp.receiveEmbedMessage||(d.wp.receiveEmbedMessage=function(e){var t=e.data;if((t||t.secret||t.message||t.value)&&!\/[^a-zA-Z0-9]\/.test(t.secret)){for(var s,r,n,a=l.querySelectorAll('iframe[data-secret=\"'+t.secret+'\"]'),o=l.querySelectorAll('blockquote[data-secret=\"'+t.secret+'\"]'),c=new RegExp(\"^https?:$\",\"i\"),i=0;i<o.length;i++)o[i].style.display=\"none\";for(i=0;i<a.length;i++)s=a[i],e.source===s.contentWindow&&(s.removeAttribute(\"style\"),\"height\"===t.message?(1e3<(r=parseInt(t.value,10))?r=1e3:~~r<200&&(r=200),s.height=r):\"link\"===t.message&&(r=new URL(s.getAttribute(\"src\")),n=new URL(t.value),c.test(n.protocol))&&n.host===r.host&&l.activeElement===s&&(d.top.location.href=t.value))}},d.addEventListener(\"message\",d.wp.receiveEmbedMessage,!1),l.addEventListener(\"DOMContentLoaded\",function(){for(var e,t,s=l.querySelectorAll(\"iframe.wp-embedded-content\"),r=0;r<s.length;r++)(t=(e=s[r]).getAttribute(\"data-secret\"))||(t=Math.random().toString(36).substring(2,12),e.src+=\"#?secret=\"+t,e.setAttribute(\"data-secret\",t)),e.contentWindow.postMessage({message:\"ready\",secret:t},\"*\")},!1)))}(window,document);\n\/\/# sourceURL=https:\/\/ihedn.fr\/wp-includes\/js\/wp-embed.min.js\n<\/script>","description":"A l\u2019occasion de la deuxi\u00e8me r\u00e9union de la Communaut\u00e9 politique europ\u00e9enne (CPE) qui s\u2019est tenue en Moldavie en juin 2023, ce court article revient sur la gen\u00e8se de ce projet voulu par le pr\u00e9sident Macron et pr\u00e9sente quelques perspectives de son \u00e9volution. Selon l\u2019auteur, la CPE doit \u00eatre vue en comme une v\u00e9ritable communaut\u00e9 d\u2019int\u00e9r\u00eats [&hellip;]"}

L&#039;IHEDN: Institut des hautes études de défense nationale (Institute for Higher National Defence Studies)

« La Communauté politique européenne : avenir d’une intuition » - L&#039;IHEDN : Institut des hautes études de défense nationale

A l’occasion de la deuxième réunion de la Communauté politique européenne (CPE) qui s’est tenue en Moldavie en juin 2023, ce court article revient sur la genèse de ce projet voulu par le président Macron et présente quelques perspectives de son évolution. Selon l’auteur, la CPE doit être vue en comme une véritable communauté d’intérêts [&hellip;]
